 = 126 + -74. What are the prime factors of m?
2, 13
List the prime factors of ((-1)/(-4))/((-6)/(-744)).
31
List the prime factors of (-35150)/(-285)*6/(2/1).
2, 5, 37
Let v = 80 + 51. What are the prime factors of v?
131
Let l be 1/(-5) + (-48)/10. Let s = -2 - l. What are the prime factors of s?
3
Let a be (-11)/(-1) - (2 + -3). List the prime factors of 13 - a - (-35 + -1).
37
Let z(y) = -y**3 + y + 1. Let m be z(-2). Suppose 0 = -r + a + m, -2*r + 4*a + 11 + 5 = 0. Suppose -r = 4*k - 18. What are the prime factors of k?
3
Suppose w + 9 = 4*w. Suppose 2*z - 54 = -w*m - m, 2*m - 21 = z. List the prime factors of m.
2, 3
Suppose 5*k - 23 = 2. Let v(d) = 14*d - 10. Let t be v(7). Suppose -k*x = -t + 3. List the prime factors of x.
17
Suppose 3*k - 37 - 23 = 0. Suppose -s - 5*o = -49, o + k = 6*o. What are the prime factors of s?
29
Let p(o) = -o**3 + 2*o + 2. List the prime factors of p(-5).
3, 13
Let k = 14 - 9. Let i = 0 + -1. List the prime factors of i - k/(-1) - -1.
5
Let s(i) = -2*i**3 + 7*i**2 + 10*i + 13. What are the prime factors of s(-4)?
3, 71
Suppose -3*w + 205 = 4*a, -a + 3*a = -w + 105. What are the prime factors of a?
5, 11
Let n = 48 - 21. What are the prime factors of n?
3
Let v(k) = k**2 - 4*k + 2. Let f(t) = -4*t**2 + 21*t - 11. Let w(x) = 2*f(x) + 11*v(x). What are the prime factors of w(-3)?
3, 11
Let p(g) = 3*g**3 - g**2. Let f be p(1). Suppose -f = -2*u + 12. What are the prime factors of u?
7
Suppose 3*w + 3*n + 27 = -2*n, -4*n - 12 = 0. List the prime factors of (-4)/w*11 - 1.
2, 5
Suppose -3*c - 2*c = 3*v - 10, -5*v + 22 = 3*c. Suppose 4*u - 5*u + v = 0. Suppose h - u*d - 27 = 0, 2*h + 5*d = -14 - 7. What are the prime factors of h?
2
Let g be ((-3)/(-9))/(1/15). Suppose -12 = -s + g*s. List the prime factors of (-1*6)/s*2.
2
Let r = 216 - 88. List the prime factors of r.
2
Let y = -485 + 730. What are the prime factors of y?
5, 7
Let o(c) = -2*c - 6. Let n be o(-4). Suppose 2 = n*w - 4. Let h = w + 0. List the prime factors of h.
3
Suppose 6*n = n + 175. Let a = n - 19. What are the prime factors of a?
2
Let w = -33 - -135. List the prime factors of w/12 - (-2)/(-4).
2
Let t(z) = z + 1. Let s be ((-36)/(-30))/((-3)/(-10)). Let y be t(s). Suppose 9 + 26 = y*p. What are the prime factors of p?
7
Let z = -17 - -7. Let u be 141/15 + 4/z. Let i = -6 + u. What are the prime factors of i?
3
Suppose v - 5*v + 4 = 0. Let x(c) = -13*c**2 + 2*c + 5. Let g(b) = -1. Let d(o) = -6*g(o) - x(o). List the prime factors of d(v).
2, 3
Suppose -4*w + 224 = -2*w. List the prime factors of w.
2, 7
Let i = -9 - -15. Let l be (-3)/9*12/(-1). Suppose 8 = -2*u, i*u - 3*u = -l*k + 32. What are the prime factors of k?
11
Suppose 3*z + k + 25 = -4*k, 0 = 5*z - k - 5. Suppose z = -u + 5*u + 4. What are the prime factors of (-9)/((-2)/4 + u)?
2, 3
Suppose -24 = -5*a + 3*j + 20, 8 = -a - 5*j. What are the prime factors of a?
7
Let p = 57 - -3. Suppose -p = -2*o - o. What are the prime factors of o?
2, 5
Suppose -5*n = 1 - 71. List the prime factors of n.
2, 7
Let n(f) = 4*f**2 - 6*f + 3. Let o be n(2). Let d = 20 + o. What are the prime factors of d?
3
Suppose 0 = -8*l + 5*l + 24. List the prime factors of l.
2
Let i be (-20)/(-9) + 2/(-9). Suppose -72 = i*m + 2*m. Let a = 31 + m. What are the prime factors of a?
13
Suppose -5*w - w + 1134 = 0. What are the prime factors of w?
3, 7
Suppose 4*m - 5*m + 89 = 0. Suppose 5*k - 51 = m. What are the prime factors of k?
2, 7
Suppose 3*a = c + 583, 3*a + 4*c - 966 = -2*a. What are the prime factors of a?
2, 97
Suppose x + 0*v - v = -12, -5*x = 2*v + 60. List the prime factors of 32/x*9/(-6).
2
Suppose -2 = -4*i + 46. What are the prime factors of i?
2, 3
Let v(s) be the first derivative of s**4/4 + 8*s**3/3 - 11*s**2/2 + 9*s + 9. List the prime factors of v(-9).
3
Let i = 275 + -135. What are the prime factors of i?
2, 5, 7
Let g = -2 + 5. Suppose 4*l - 32 = g*a, 2*a + l + 2*l + 10 = 0. List the prime factors of (-86)/a - (-3)/12.
11
List the prime factors of (-5 - -2) + 10 + 3.
2, 5
Suppose 2*q - 312 = -4*q. List the prime factors of q.
2, 13
List the prime factors of (-1108)/(-10) - 5/(-25).
3, 37
Let y(i) = 4*i + 7. List the prime factors of y(8).
3, 13
Let n = 6 + -2. List the prime factors of n/(-14) - (-237)/21.
11
What are the prime factors of 10/(20/49) - (-1)/(-2)?
2, 3
Let j(r) = -3 - 3 + 0 + 3*r. List the prime factors of j(4).
2, 3
Let o be ((-2)/6)/(2/(-12)). Suppose -6*b = -o*b - 196. What are the prime factors of b?
7
Suppose -27 - 55 = -2*o. Let r = o - 19. What are the prime factors of r?
2, 11
Let k be 5/4 - (-14)/(-56). What are the prime factors of k/((-3)/(-15)) - 2?
3
Suppose 4*w = 2*o - 14, w = -3*o + 9 - 2. What are the prime factors of o?
3
Suppose 4*z = p - 0*z - 96, -256 = -3*p - 4*z. List the prime factors of p.
2, 11
Suppose -2*v = 3*v - 65. List the prime factors of v.
13
Let a(z) = 2*z**3 - 6*z**2 + 3*z - 6. List the prime factors of a(5).
109
What are the prime factors of -2 + 2 + (0 - -32)?
2
Let z(s) = s**3 - 2*s**2 - 3*s. What are the prime factors of z(4)?
2, 5
Suppose 0 = -i - 4*a - 7, 5*i - 5*a + 0*a = -10. Suppose 0 = -6*c + 5*c - 13. Let v = i - c. What are the prime factors of v?
2, 5
Suppose 0 = 5*r - 21 - 294. Suppose r = -s + 4*s. List the prime factors of s.
3, 7
What are the prime factors of ((-1)/3)/(2/(-474))?
79
Suppose d - 2*d = -4*b - 102, 5*b + 450 = 5*d. What are the prime factors of d?
2, 43
Let m = 7 + -9. Let q = m - -6. List the prime factors of q.
2
Let y(x) = -x**3 - 6*x**2 + 9*x - 3. What are the prime factors of y(-8)?
53
Suppose 0 = -3*v + 15 - 51. Let j = -7 - v. Suppose 0 = -j*n + 12 + 33. What are the prime factors of n?
3
Let r = 25 - 5. Suppose r = 4*k, 6*k - k - 63 = -c. What are the prime factors of c?
2, 19
Let z be (15/(-25))/((-2)/10). Suppose -5*h = z*a - 49, 3*a - 44 = 3*h - 7*h. List the prime factors of a.
2
Let h(s) be the second derivative of s**3/2 - s**2 + 3*s. List the prime factors of h(7).
19
Let y(t) = t**3 - 6*t**2 + 4*t + 5. Let f be y(5). Let g be 10*(3/(-2) - -2). Suppose 2 = -3*d + g*x, -5*x + 8 = -2*d - f. What are the prime factors of d?
2, 3
Suppose 0 = 4*d - 77 + 9. Suppose b - 22 = 4*p, -b + d = -3*p - 0*p. What are the prime factors of b + 0 + 13/1?
3, 5
Let p(i) = 5*i**2 + 5. Let y(h) = -3*h**2 - 2. Let k(f) = -3*p(f) - 7*y(f). Let x be k(-1). Suppose -7 + 47 = x*w. What are the prime factors of w?
2
List the prime factors of ((-4)/3)/(34/(-2703)).
2, 53
Suppose 0 = 3*m + 4*m - 910. What are the prime factors of m?
2, 5, 13
Suppose 3*b - 4 - 43 = -2*q, 73 = 3*q + 5*b. Suppose -l + 30 = 5*n, 2*n - 5*n = l - q. List the prime factors of (n + -4)*(2 + -1).
3
Let x(q) = -q**2 + 6*q - 5. Suppose 5*m - 29 = -p, 3*m - 5*p + 3*p - 7 = 0. Let r be x(m). Suppose i - w = 13, i = 4*w + 4 - r. What are the prime factors of i?
2
Suppose 4*q + 4 = 6*q. Suppose -k + 4*m = 4*k - 104, 62 = 3*k - 2*m. Suppose -3*u + 2 = x - q*u, k = -5*u. List the prime factors of x.
2, 3
List the prime factors of (-128)/20*130/(-4).
2, 13
Let m(b) = 5*b**3 - b**2 + 3*b - 3. List the prime factors of m(2).
3, 13
List the prime factors of -21*(5 - 6)*9.
3, 7
Let b = 71 - 40. What are the prime factors of b?
31
Let i = -5 - -29. List the prime factors of i.
2, 3
Let z = 10 - 8. Suppose -10 = z*t - 4*t. What are the prime factors of t?
5
Let m = -32 - -66. What are the prime factors of m?
2, 17
Let i(c) = 7*c**2 + 2*c + 1. Let f be i(-3). Suppose 0 = -2*q - 2*t + 48, 0*q + f = 2*q - 3*t. What are the prime factors of q?
2, 13
Suppose 0 = v - 0*v - 7. Suppose 7 + v = 2*i. List the prime factors of i.
7
Suppose 5*o - 21 = 2*f, 5*o = -1 + 6. Let b = -7 - f. What are the prime factors of b + 3*(-3 + 5)?
7
List the prime factors of (-82)/(-12) - (-1)/6.
7
Suppose 5*y - p = 228, 4*y + 0*p = -p + 186. List the prime factors of y.
2, 23
Suppose 20 = r + 5*s, -2*r - 3*s - 4 = -3*r. What are the prime factors of r?
2, 5
Let f(q) = -q**3 + 6*q**2 + 3*q + 3. Let g = 1 + 5. What are the prime factors of f(g)?
3, 7
Suppose -3*h + 115 = 28. Suppose -5*y - 3*g + 64 = 0, -y - 3*y + h = -5*g. List the prime factors of y.
11
Let c(k) = k**3 - 7*k**2 - 8*k + 3. Let o be c(8). Suppose -o*a + 0 = -12. What are the prime factors of a?
2
Let g(x) = x**3 + 9*x**2 + 7*